 prime number?
True
Is 44504053991 composite?
True
Is 12714812863 prime?
False
Is 78020293319 a composite number?
False
Is 103584443849 prime?
True
Is 179431291 composite?
True
Is 8234081 a prime number?
True
Is 18139651259 prime?
True
Is 19746457 prime?
True
Is 3833462543 prime?
True
Is 257666461 composite?
True
Is 568090463 a prime number?
True
Is 41300911547 a prime number?
False
Is 3622400227 composite?
True
Is 477610793 a composite number?
True
Is 22248967297 a prime number?
False
Is 155666789 a prime number?
True
Is 187813326331 composite?
True
Is 734833433 a composite number?
True
Is 3172547291 a composite number?
True
Is 92229299 a prime number?
False
Is 3722531947 prime?
True
Is 55827335539 prime?
True
Is 247169029 a prime number?
True
Is 1729068283 composite?
True
Is 8127795449 a prime number?
True
Is 144808537 a prime number?
True
Is 5736220915 a prime number?
False
Is 2050581877 a prime number?
True
Is 291688561 a prime number?
True
Is 159119039 a composite number?
True
Is 944180137 composite?
False
Is 203963447 a composite number?
False
Is 3963531553 a prime number?
True
Is 5284279397 a composite number?
True
Is 12222056459 a prime number?
True
Is 9843801403 prime?
False
Is 10476372173 composite?
False
Is 981745109 prime?
False
Is 9161284673 a composite number?
False
Is 46867329479 composite?
False
Is 213850138 prime?
False
Is 55911305019 a prime number?
False
Is 1292504353 prime?
False
Is 134008613 prime?
True
Is 90112571 prime?
True
Is 9066882109 prime?
False
Is 3613512271 prime?
True
Is 6915385549 a composite number?
False
Is 8895289733 a prime number?
False
Is 16879221109 prime?
True
Is 8692364431 composite?
True
Is 40348227113 a composite number?
False
Is 1519112291 a composite number?
False
Is 1912193453 composite?
False
Is 1612059961 a prime number?
False
Is 2751783341 composite?
False
Is 15568921321 a composite number?
True
Is 9826518301 composite?
False
Is 256192457 composite?
False
Is 41123198911 a composite number?
False
Is 128535721 composite?
False
Is 5249041217 a prime number?
False
Is 10046471741 composite?
False
Is 603142364027 a prime number?
False
Is 7628559551 a prime number?
False
Is 3113233 prime?
False
Is 458968193 a composite number?
True
Is 2307744239 a prime number?
True
Is 1718778331 prime?
False
Is 635340089 a prime number?
True
Is 129987937 composite?
True
Is 110891833433 a prime number?
True
Is 29041973 a composite number?
False
Is 103812923 composite?
True
Is 36159534613 prime?
True
Is 60161159 composite?
False
Is 9969899799 composite?
True
Is 59160677981 a prime number?
False
Is 391617923 composite?
False
Is 21873327811 composite?
False
Is 9916085107 a composite number?
False
Is 48622649287 composite?
True
Is 14555263267 composite?
True
Is 194506219 prime?
False
Is 4313813003 prime?
False
Is 2616791783 a composite number?
False
Is 1530604903 a composite number?
False
Is 638249489 composite?
False
Is 1504339887 a prime number?
False
Is 3464637053 a composite number?
True
Is 76654913423 a composite number?
True
Is 13559476627 a composite number?
True
Is 385803419 a composite number?
True
Is 33896856737 composite?
True
Is 6028701229 a composite number?
True
Is 1307500385 composite?
True
Is 14889071359 a prime number?
False
Is 313487729 a prime number?
True
Is 2290444619 a prime number?
False
Is 516192161 prime?
False
Is 7723504205 a composite number?
True
Is 115579330687 a prime number?
False
Is 1679697599 composite?
False
Is 129608863 composite?
False
Is 1287422749 composite?
True
Is 605793599 prime?
False
Is 1218375673 prime?
False
Is 25346429621 a prime number?
True
Is 110314949137 a prime number?
True
Is 112219777 a composite number?
False
Is 1585828183 prime?
True
Is 47095536289 composite?
True
Is 1079158349 composite?
False
Is 22737162373 composite?
False
Is 98385283 prime?
False
Is 726873635 prime?
False
Is 2951559773 composite?
False
Is 41336465097 prime?
False
Is 319244863 a composite number?
True
Is 19862309701 a prime number?
False
Is 879585739 composite?
True
Is 76824697 a prime number?
True
Is 84905509201 composite?
False
Is 90492560749 composite?
True
Is 68314832863 a composite number?
False
Is 3440074501 a composite number?
False
Is 2119952803 a prime number?
False
Is 120179633527 a composite number?
True
Is 16495655663 prime?
True
Is 7790746157 a prime number?
True
Is 1500697927 composite?
False
Is 4938781583 composite?
False
Is 18482856169 a composite number?
True
Is 9308679583 prime?
False
Is 152259013 composite?
True
Is 34778613337 a prime number?
False
Is 1319253743 composite?
True
Is 2173001777 a composite number?
False
Is 24620929523 a composite number?
True
Is 489186343 composite?
True
Is 22980820123 a prime number?
True
Is 165811643 a composite number?
False
Is 17037527539 a prime number?
True
Is 13118892769 prime?
True
Is 42503300549 a prime number?
True
Is 2606957723 a composite number?
True
Is 35191866701 a composite number?
True
Is 69369428113 composite?
True
Is 5209275121 composite?
True
Is 551536339 a composite number?
True
Is 4384987063 a composite number?
False
Is 39194180849 a composite number?
False
Is 66448833719 a composite number?
True
Is 2172280273 prime?
True
Is 98532894037 prime?
True
Is 3100537073 a composite number?
False
Is 92621028361 prime?
True
Is 10875818353 a prime number?
False
Is 1233511163 a prime number?
False
Is 358350199 composite?
True
Is 39161301289 composite?
True
Is 9379607273 a prime number?
False
Is 6508557613 composite?
False
Is 24014952163 prime?
False
Is 809612009 a prime number?
False
Is 16422126541 a prime number?
False
Is 15269313643 a prime number?
False
Is 234744737 composite?
True
Is 643512643 a composite number?
False
Is 1864644107 composite?
False
Is 52924485729 a composite number?
True
Is 4977004139 composite?
False
Is 47679148658 composite?
True
Is 697724134 prime?
False
Is 37155206093 a composite number?
True
Is 107075341 a composite number?
False
Is 11858176441 composite?
False
Is 174721204949 a prime number?
True
Is 1619000483 a composite number?
True
Is 2023097381 prime?
True
Is 1338435737 prime?
False
Is 5211847181 a prime number?
True
Is 3254073233 prime?
True
Is 10510634977 prime?
True
Is 1920494449 composite?
False
Is 428566777 composite?
False
Is 47246438209 composite?
True
Is 3359810917 prime?
False
Is 416978999 prime?
True
Is 323022523333 a composite number?
False
Is 863892053 composite?
False
Is 691496473 a prime number?
True
Is 160357193 composite?
False
Is 819676147 a prime number?
True
Is 3499167109 a composite number?
False
Is 930149593 a composite number?
True
Is 623038107 a composite number?
True
Is 16244262809 prime?
True
Is 30498828593 a composite number?
False
Is 3214099111 a composite number?
False
Is 565093429 prime?
False
Is 1038212347 prime?
False
Is 51830016187 prime?
True
Is 64530731 a composite number?
True
Is 14804980817 prime?
False
Is 5244510883 composite?
False
Is 5765078147 composite?
True
Is 239306359757 prime?
True
Is 7773634501 prime?
False
Is 3249813299 a prime number?
False
Is 51559390331 prime?
False
Is 23270710003 a composite number?
True
Is 9190562207 prime?
True
Is 19135848583 a composite number?
False
Is 243980309 prime?
True
Is 4534776602 composite?
True
Is 56932157 a composite number?
True
Is 4701223493 a composite number?
True
Is 1173481147 a composite number?
False
Is 391775999 composite?
True
Is 14579287 composite?
True
Is 4907383781 composite?
True
Is 343407853 prime?
True
Is 6304565929 prime?
False
Is 176234437 prime?
True
Is 749735257 composite?
True
Is 4189974337 prime?
False
Is 963938891 a composite number?
False
Is 1263008687 prime?
False
Is 765296591 prime?
True
Is 4670791 composite?
False
Is 4483473079 a prime number?
False
Is 706524691 a prime number?
False
Is 32903680237 a composite number?
False
Is 10029486655 a prime number?
False
Is 4586317563 a prime number?
False
Is 4205820019 composite?
True
Is 20716294901 prime?
True
Is 23279088761 composite?
False
Is 1175379697 prime?
True
Is 8364228881 prime?
True
Is 2337243389 prime?
False
Is 250895215 composite?
True
Is 2145286631 a composite number?
False
Is 1557245311 a composite number?
True
Is 1099381411 prime?
False
Is 2617684493 composite?
False
Is 1859906023 composite?
True
Is 30268110539 composite?
True
Is 2496170147 